q?
5
Let u be (-80)/(1*-1*(1 - 0)). What is the hundreds digit of (-3851)/(-10) - 8/u?
3
Suppose -120 + 45 = -5*f. Let y = -3724 + 3515. What is the hundreds digit of (-4)/6*f/(-10) - y?
2
Let v(h) = -2*h**2 - 13*h - 5. Let a be v(-6). Suppose 0 = -d - 14 + 4. What is the units digit of (-190)/25*d/(0 + a)?
6
Let p = -266 + 277. Suppose 52 = 3*t - p. What is the units digit of t?
1
Suppose -12*t = 28021 - 10645. Let a = 2504 + t. Suppose -a - 1232 = -16*i. What is the hundreds digit of i?
1
Suppose -2*q - 2*c + 5 = 3*c, -c = q - 7. What is the tens digit of (q + -8)/((-4)/(-666))?
3
What is the ten thousands digit of -1*(-7 + 6)*-3*70483/(-21)?
1
Let s(d) = -10 + 61 + 20 - 12*d. What is the units digit of s(-16)?
3
Let z = -24594 + 49097. What is the thousands digit of z?
4
Suppose 163 = -18*k + 433. Suppose 0 = k*p - 11911 + 3076. What is the hundreds digit of p?
5
Let n be ((-966)/24 + 2)*8/(-3). What is the hundreds digit of 12/n + (-16720)/(-68)?
2
Suppose 41*u + 113*u = 618772. What is the tens digit of u?
1
What is the thousands digit of 77/(-154) + 311482/4?
7
Suppose n = 4*v - 167804, 5*n - 41930 = 43*v - 44*v. What is the units digit of v?
0
Suppose 0 = 4*r - 3*n - 22955, 4*r = 2*n + 31976 - 9026. What is the units digit of r?
5
Suppose -4*f - 2*h = -15058, 10*f + 7*h = 7*f + 11288. What is the tens digit of f?
6
Suppose p - 34760 = -3*s, 16*s - 19*s = -4*p - 34765. What is the units digit of s?
7
Let c(t) = -2930*t + 7784. What is the hundreds digit of c(-15)?
7
Suppose 7*l = 12*l + 25. Let h(o) = 4*o + 11. Let z be h(l). Let y = 23 + z. What is the units digit of y?
4
Let c be 1/(-4*(-1)/(-1144)). Let q = 597 + c. What is the tens digit of q?
1
Let x = -14 - -19. Suppose 0 = -2*q - 5*s + 47, -3*q + s = -2*q - 34. Suppose 0 = 5*j - w - q, -x*w + 26 = 6. What is the units digit of j?
7
Suppose -32*a = -265242 - 43942. What is the units digit of a?
2
Let o be 4/1 - 8 - -13. Suppose o*x - 525 = -21. What is the tens digit of x?
5
Suppose -6739 - 151 = 5*p. Let a = p - -2009. What is the units digit of a?
1
Suppose f + 4*x - 19210 = -1838, 34779 = 2*f + x. What is the hundreds digit of f?
3
Let u = -6552 - -9890. What is the thousands digit of u?
3
What is the tens digit of ((-32620)/(-8))/((-5)/160*-4)?
2
Let q(z) = 5*z + 6. Let l be q(-6). Let h be 1*(-6)/(l/188). Let t = 158 - h. What is the tens digit of t?
1
Let u be (-20 + 0)*10/25. Let q(c) be the third derivative of -5*c**4/24 - 4*c**3/3 - 13*c**2 + 6. What is the tens digit of q(u)?
3
Suppose -o = -4*a + 61, 0 = 4*a + a + 3*o - 72. Suppose -4*x + 5*t = -10, 3*x + 4 = 2*t + a. Suppose x*z - 5 = 130. What is the tens digit of z?
2
Suppose -209*m + 229*m - 10280 = 0. What is the units digit of m?
4
What is the units digit of (-33)/(-44)*-4*17403/(-9)?
1
Suppose 153*h - 104709 = -11379. What is the tens digit of h?
1
Let v(h) = -h**2 - 6*h - 14. Let g be v(-5). Let i = 14 + g. Suppose -2*s + s = i, -w = -3*s - 62. What is the units digit of w?
7
Let z be (5/4)/((-2)/(-1296)). Suppose -z = -113*h + 108*h. What is the hundreds digit of h?
1
Suppose 3*v + 160 = r, 5*v = -r + 2*v + 136. Let h = 1190 - r. What is the hundreds digit of h?
0
Let x = -22 - -41. Suppose 2*b = x - 13. Suppose -97 = -b*c - 7. What is the units digit of c?
0
Suppose -18816 = -3*k + 3*p, 7212 + 24155 = 5*k + 2*p. What is the hundreds digit of k?
2
Let c(a) = -502*a - 595. What is the hundreds digit of c(-7)?
9
Let v be 18/(1 + 2) - 3. Suppose v*c = 15, 6 = -a + 2*c - 0*c. Suppose -34 - 94 = -4*l - k, a*l = 5*k + 152. What is the tens digit of l?
3
Let j(n) = -23*n + 145. Let i be j(6). Suppose i*l = -34*l + 18122. What is the tens digit of l?
4
Suppose 57*q + 4*x = 55*q + 11736, 5*q - 29346 = -4*x. What is the units digit of q?
0
Let a(i) = i**2 - 22*i - 7. Let z be a(22). What is the tens digit of (z/(-2) + -1)/(7/70)?
2
Let o(s) = 3*s**2 - 105*s + 517. What is the units digit of o(42)?
9
Suppose 0 = -2*q + 3*c + 12583, 5*c + 18058 = 3*q - 818. What is the thousands digit of q?
6
Suppose -65*i = -70*i + 25. Suppose 0 = f + r + 50, 158 = -i*f - r - 72. Let t = f - -69. What is the tens digit of t?
2
Suppose 2*x + 15 = -3*s, 2*x + x + 5*s = -25. Let p = 5 + x. Suppose 0*u - 5*u = p*t - 390, -2*u + 3*t + 176 = 0. What is the tens digit of u?
8
Let k be (69/2)/(3/6). Let g be (-6)/5 + (-8)/(-40). What is the tens digit of (-3 - -11)/(g*(-6)/k)?
9
Suppose 44*q - 452193 = 273987 + 18740. What is the tens digit of q?
3
Let u(r) = -59584*r + 814. What is the hundreds digit of u(-1)?
3
Let t(n) be the second derivative of -n**5/60 + 13*n**4/24 + 5*n**3/6 + n**2 - 15*n. Let u(o) be the first derivative of t(o). What is the tens digit of u(5)?
4
Let o(m) = -35*m**3 - 26*m**2 - 23*m - 104. What is the units digit of o(-8)?
6
What is the hundreds digit of 3117510/385 - (-3)/(-7)?
0
Let m(b) = -3*b**2 + 65*b - 39. Let l(i) = 2*i**2 - 43*i + 26. Let o(h) = 7*l(h) + 5*m(h). Let p be o(12). Let c = p - -11. What is the units digit of c?
2
Let l be (-667)/(-116) - (18/8)/3. Suppose m - 18 = -5*z, 26 = l*z + 2*m + 5. Suppose 6 - 1 = 5*w, z*w = -y + 113. What is the units digit of y?
0
Let r be -4*255/34*1/3. What is the units digit of (475/r + 4)*(-6)/9?
9
Suppose 32 = 5*i - 83. Suppose 9*y - i*y = -1624. What is the hundreds digit of y?
1
What is the hundreds digit of (-67670)/(-10) - (-1 + -3)?
7
Suppose 0 = -3*l + 5 + 10. Suppose -u - 3*p + 1 = 4, p - 27 = -l*u. What is the tens digit of 77/2 + 2 - (-9)/u?
4
Let z be 5/15*-3 + -3. Let k be (-4 + 14 + z)/2. Suppose 0 = -i + k*t + 17 + 24, 4*i = 5*t + 157. What is the tens digit of i?
3
Let i be (-6)/14 - (-408)/21. Suppose -i*l + 2505 = -4*l. What is the tens digit of l?
6
Let q = 1226 - -464. Suppose -2*z + q = 3*z. What is the hundreds digit of z?
3
Let c be -4 - (-4 + (4 - 2)). Let u = 24 - c. Suppose -u = -3*b + 427. What is the units digit of b?
1
Let o = 499 + -459. Suppose o*x = 7936 + 39624. What is the tens digit of x?
8
Suppose -23*k + 24*k - 5*p = 27149, 4*k = -5*p + 108671. What is the thousands digit of k?
7
Suppose 8*x + 2 = 9*x. Suppose x*o - 218 - 42 = 0. What is the units digit of o?
0
Let n = -405 - -401. What is the tens digit of n/6 + 7/(-84)*-8408?
0
Let k be 9/(-18)*(0 + 0). Suppose -4*y = -k*y + 4, 56 = -p + y. Let x = p - -73. What is the tens digit of x?
1
Let u = -50 + 52. Suppose u - 14 = 3*o. Let i(a) = -47*a - 11. What is the hundreds digit of i(o)?
1
Let b(v) = -6*v - 29. Let l be b(-4). Let w be (7 - (-7854)/(-7)) + 1 + l. What is the hundreds digit of w/(-6) - 5*4/40?
1
Let y be 3 + 8/(56/21). Suppose -y*b + 81 = 9. What is the tens digit of b?
1
Let z(s) = -295*s + 4321. What is the tens digit of z(-73)?
5
Let a be 241 - (-7 + (4 - -1)). Let z = 701 - a. What is the hundreds digit of z?
4
Suppose 145*g = 146*g - 12. Let r(p) = p**3 - 7*p**2 + p - 7. What is the tens digit of r(g)?
2
Let r(o) = -2*o**2 - 4*o + 8055. What is the thousands digit of r(0)?
8
What is the thousands digit of ((3813780/(-8))/17)/(30/(-20))?
8
Let h(y) = 2*y**2 + 12*y - 69. Let p(m) = m**2 + 12*m - 69. Let r(u) = 2*h(u) - 3*p(u). What is the tens digit of r(-18)?
0
Let l be (3 - (-22)/(-8)) + (-10902)/(-8). Let r = l + -822. What is the hundreds digit of r?
5
Let f be (-3)/(30/(-44)) + (-6)/15. Suppose 0 = h - f + 1. Suppose -h*a = -21 - 3. What is the units digit of a?
8
Let m(p) = -p**2 - 46*p - 47. Let t(v) = -v**2 - 6*v - 21. Let k be t(-7). What is the units digit of m(k)?
7
Let d be 1/((-119)/(-460) - (-12)/(-48)). Let p = d + 18. What is the hundreds digit of p?
1
Let m be ((-12)/(12/(-6)))/3. Let d(u) = -77*u**3 - 2*u**2 - u - 1. Let o be d(m). Let q = -441 - o. What is the tens digit of q?
8
Suppose -5*d + 1751 = 3*r, 4*d + r - 2*r - 1394 = 0. Suppose 3*g - 355 = -j, 5*g = 2*g + 5*j + d. What is the hundreds digit of g?
1
Let r = 55180 + -43472. What is the ten thousands digit of r?
1
Let l(y) = 3*y**2 + 19*y + 18. Let f = -96 + 88. What is the units digit of l(f)?
8
Suppose 5*w = -5*j + 162800, -5*j + 92*w = 93*w - 162828. What is the units digit of j?
7
Suppose 0 = 7*a - 8680 - 6447. Suppose 7*p - a = -145. What is the tens digit of p?
8
Let z(n) = 1685*n + 1. Let v be z(-1). Let b = -916 - v. What is the hundreds digit of b?
7
Let r = -89565 - -126450. Wh